9 + v - v**2 + 5*v**3 - 19. Determine o(0).
-10
Let x be 58/10 + (-15)/((-450)/(-24)). Let b be (x/(-2))/(((-2)/(-4))/(-1)). Suppose b*m + 2 = 4*m. Let a(l) = -l**2 - l - 1. Calculate a(m).
-3
Let c(h) = h**3 - 13*h**2 + 13*h - 12. Let m(a) = -a**2 + 9*a + 158. Let z(t) = t - 1. Let w(f) = m(f) - 4*z(f). Let d be w(15). Determine c(d).
0
Suppose 0 = -5*r - 15, -x + 0*x = -r - 4. Let l = -28 - -31. Let m(g) = -g**3 + 22*g**3 - 13*g**l. Determine m(x).
8
Let l(d) = 19*d + 303. Let t(a) = a + 15. Let n(c) = l(c) - 3*t(c). Give n(-16).
2
Let n(u) = u**3 - 6*u**2 + 3*u + 2. Let g be (-1 - (-38)/12)*6*13. Let h = g - 165. What is n(h)?
-18
Let i(z) = -11*z**3 + 5*z**2 + 3*z + 1. Let d(u) = -u**2 - u + 52*u**3 - 30 + 30 - 51*u**3. Let y(g) = 4*d(g) + i(g). Let r be 1*(0/2 - -1). Calculate y(r).
-6
Let a(b) be the second derivative of b**4/12 + b**3 + 3*b**2/2 + 2*b. Let w(d) = 6*d**2 + 355*d + 57. Let l be w(-59). Give a(l).
-5
Let r(b) = 4*b - b - 2*b - 4 + 1. Let i(h) = -h**3 - 26*h**2 + 20*h - 66. Let g be i(-27). Suppose g*u + 18 = 120*u. Calculate r(u).
-9
Let t be (-37)/(-74) - (-18)/(-4). Let i(z) = -17*z**2 + 47*z + 7. Let k(l) = -6*l**2 + 16*l + 3. Let x(p) = t*i(p) + 11*k(p). What is x(5)?
-5
Let w(a) = -25*a - 17. Let r(z) = -7*z + 169. Let n be r(25). Let k(f) = -21*f - 16. Let h(c) = n*k(c) + 5*w(c). Give h(0).
11
Suppose 0 = -248*k + 1507 - 763. Let f(a) = 37*a - 99. Give f(k).
12
Let g(m) be the second derivative of 3*m**4/2 - m**3/3 - m**2/2 - 6*m. Suppose -12*a - a = 1001. Let j = -78 - a. Give g(j).
19
Let n be (156/182)/((-27)/(-126)). Let a(j) = -5*j**3 + 20*j**2 - 4*j + 20. Give a(n).
4
Let c(p) be the second derivative of 159*p - 2 + 0*p**2 + 3/2*p**3 - 1/12*p**4. Give c(9).
0
Let g(x) = 4*x - x**3 + 8 + 18*x**2 - 38*x**2 + 26*x**2. Let s(h) = 4*h**2 - 209*h + 59. Let v be s(52). Determine g(v).
-13
Let p(t) = -5*t + 4. Let f = -1 + 50. Suppose 4*g = -3*u - f, -8*u = -2*g - 4*u - 8. Calculate p(g).
54
Let y(q) = q**2 - 5. Suppose 5*w + 9 = 2*o + 34, w - 5 = -o. Suppose 126 = w*l - 59. Suppose t - l = 5*p + 4*t, -13 = 5*p - 3*t. What is y(p)?
20
Let r = -234 + 238. Suppose -g + r*g - o - 19 = 0, -3*g = -2*o - 17. Let v(c) = c**2 - 7*c - 6. What is v(g)?
-6
Let c(h) = -575 - 11*h**2 + 575 - 6*h**2 - 4*h + 27*h**2. Calculate c(1).
6
Let x(d) be the second derivative of d**6/180 - d**5/24 + d**4/4 - 10*d**3/3 - 10*d - 1. Let p(s) be the second derivative of x(s). What is p(5)?
31
Let c(d) = -d**3 - 7*d**2 - 5*d + 28. Let f be c(-5). Let y(g) = 4 + 2*g - 1803*g**2 + 1796*g**2 + 3*g**f - 4*g**3. What is y(-7)?
-10
Let t(o) = o**2 - 16*o - 13. Let g be (-16 - (-776)/56)*-7. Give t(g).
-28
Let d(j) = 2*j**2 + 5*j + 2. Let i(p) = -3*p**2 - 13*p + 14. Let v be i(-5). Suppose 2*m = -v*m - 18. Give d(m).
5
Let m = 16 + -10. Suppose i - r - r - 10 = 0, 2*i - 20 = -3*r. Let a(p) = -2 + p**3 - 9*p - 5*p**2 - 6*p + i*p. Give a(m).
4
Let z(k) = -k**2 - 17*k - 4. Suppose -12 = -11*j + 8*j, 3*o - 5*j = -5. Suppose -3*r = -3*s + 39, -23*r + 19*r + o*s - 48 = 0. Calculate z(r).
-4
Let g = 73 - 70. Suppose -4*a - g*n = -0*a - 52, 4*a - 3*n = 76. Let d = 14 - a. Let w(l) = 2*l**2 + l + 2. What is w(d)?
8
Let b(z) = 7*z**2 - 132*z + 130. Let r be b(1). Let w(y) be the second derivative of y**4/12 - y**3/3 + 4*y. Calculate w(r).
15
Let f = -284/363 + 135/121. Let y(c) be the third derivative of 0 + 0*c + 3/20*c**5 + 1/120*c**6 - 10*c**2 - 3/2*c**3 + f*c**4. Give y(-8).
-9
Suppose -5*b - 5*d = 5, 0 = -4*d + d - 15. Suppose 4 = 2*g - b. Suppose 5*u - g*n + 30 = -2*n, -u - 6 = 5*n. Let s(a) = -a**2 - 6*a. Give s(u).
0
Let a(v) = -v**2 - 6*v - 5. Let b be -1 - (0/1 + -11). Let f(k) be the first derivative of -k**3/3 + 11*k**2/2 - 15*k - 394. Let h be f(b). Give a(h).
0
Let a(o) = o**2 - 9*o + 6. Suppose -4*q + 31 = -3*p - 9, -q = 4*p - 10. Let f be (q/(-30))/((-28)/27 + 1). Calculate a(f).
6
Let p(j) be the first derivative of j**3/3 - 5*j**2 + 3*j - 5055. Give p(8).
-13
Let n(p) = -4 + 15*p**2 - 9*p + 2*p - 8*p + 10 - 579*p**3 + 578*p**3. What is n(14)?
-8
Let m(x) = 63*x**2 + 14*x - 40. Let a(f) = 38*f**2 + 6*f - 21. Let b(p) = -5*a(p) + 3*m(p). What is b(10)?
5
Let p(u) = 9*u**2 - 4*u**2 + 3*u**3 - 2*u**3 - 17*u**2 + 16*u - 5*u**2. Calculate p(16).
0
Let u(z) = -z**2 - 9*z + 63. Let o be 1 + (-66)/4 - (-1698)/1132. Give u(o).
-7
Let s(f) be the third derivative of 0*f**3 + 1/180*f**6 - 5/12*f**4 + 0 + 0*f**5 - 13*f**2 + 0*f. Let p(q) be the second derivative of s(q). Determine p(-1).
-4
Suppose -3*i = 5 + 4, 0 = 5*l + 2*i - 14579. Let n(k) = l + 2926 - 5841 + k. Calculate n(8).
10
Let u(q) be the third derivative of q**7/5040 + q**6/48 - q**5/60 - 11*q**3/2 + 35*q**2. Let k(b) be the third derivative of u(b). Give k(-11).
4
Let k(s) be the third derivative of s**6/120 + 3*s**5/5 + s**4/24 + 13*s**3/6 - s**2 - 409*s + 2. Calculate k(-36).
-23
Let u(f) = -5*f**2 - 26*f - 10. Let w(x) be the first derivative of -x**3/3 - 3*x**2 - 3*x - 224. Let q(y) = -2*u(y) + 9*w(y). Give q(-5).
28
Let v = -185 - -299. Let u = 112 - v. Let t(m) be the second derivative of -m**4/12 - m**3/6 - m**2/2 + m. Determine t(u).
-3
Let p(i) = 10 - 21 + 2*i + i + 20 + 0*i. What is p(-6)?
-9
Let v(w) = w**3 + 4*w**2 + 3*w + 4. Let t be (-1144)/117 - 18/81. Let n(c) = -c**3 + c**2 - c - 9. Let l be n(0). Let x be (-30)/l*12/t. Calculate v(x).
-8
Let o(j) = -3*j**2 + 4*j - 4. Suppose i - 2*s + 3*s = 0, 0 = i - s - 6. Let v = 0 + i. Calculate o(v).
-19
Let h(v) = -3*v**2 + 104*v - 70. Let c be h(34). Let o(q) be the third derivative of 0*q**3 + 0 + 1/30*q**5 + 0*q + 0*q**4 - 8*q**2. Calculate o(c).
8
Let s(v) be the second derivative of -v**5/20 + 35*v**4/12 - 37*v**3/6 + 45*v**2 - 3846*v. What is s(34)?
-12
Let b(h) be the third derivative of -1/6*h**3 + 0 + 0*h**4 + 1/120*h**6 + 49*h**2 + 0*h - 7/60*h**5. Calculate b(7).
-1
Let g(c) be the third derivative of -c**4/24 - 5*c**3/6 + 4611*c**2. Let v(z) = z**3 + 5*z**2 + 2*z + 6. Let u be v(-5). Determine g(u).
-1
Let b(f) = f**3 + 14*f**2 + 16*f + 23. Let n be b(-12). Suppose -2*p + 61 = -n. Let w(u) = p*u - 89*u + 4*u**2 + 4 - 9*u**2 + u**3. Give w(5).
9
Let q be 600/180*3/2. Suppose -5*i + 29 - 9 = 5*o, -18 = -3*i - q*o. Let s(l) = -3*l**3 + 3*l - 2. Calculate s(i).
-2
Let h(y) = -5*y**2 + y + 3. Let k(j) = 3*j**2 - 2. Let z(d) = -4 + 11 + 1 + 5*d. Let l be z(-3). Let t(v) = l*k(v) - 4*h(v). Determine t(-5).
-3
Let y(a) = a**3 + 0*a**2 + 8*a - 6*a - 7*a**2 - 1 - 5. Let r(l) = -l**3 + 8*l**2 - 2*l + 7. Let h(q) = -4*r(q) - 5*y(q). Determine h(2).
2
Let p(s) = s**3 - 5*s**2 + 7*s - 11. Let g be (-40)/3*468/(-260). Suppose o + 4*o + g = f, 2*o = -8. Calculate p(f).
1
Suppose 0 = 52*v - 55*v + 9. Let c(z) = 0*z - v*z + 846 - 847. Let j = -7 + 8. Determine c(j).
-4
Let p = 0 + 2. Let y be (1 + p/(-6))*(18 + -30). Let t(h) = -h**2 - 8*h. Calculate t(y).
0
Let w(j) = 2*j + 7. Let x be (-252)/14*(-76)/(-4). Let o be (-2)/(-6) + x/54 - 1. What is w(o)?
-7
Let r(k) be the third derivative of k**5/60 + k**4/8 - 2*k**3/3 - 12*k**2 + 35*k. Give r(4).
24
Suppose -8*i + 68 - 12 = 0. Suppose 0 = -n - i + 22. Let h(a) = a - 14. Calculate h(n).
1
Let s(d) = d - 2. Let v = 7 + -7. Suppose -8 = -2*k, v*t - 2*k = -5*t - 8. Suppose t = 2*n - 6*n. Give s(n).
-2
Let y(r) = r**2 + 2*r - 21. Let a be y(-6). Let q(z) = -7*z**3 + 2 - 22*z**3 - a + 12*z**3. Determine q(1).
-18
Let o(w) = 20*w + 51. Let c(d) = -51*d - 131. Let v(l) = -7*c(l) - 18*o(l). Give v(0).
-1
Let p(y) = -y**3 - 8*y**2 + 9*y + 6. Let a be p(-9). Suppose 2 = -u, -4*s - 2*u + 14 = -42. Suppose 9*x = a*x + s. Let m(c) = -c**2 + 3*c + 4. Give m(x).
-6
Let m be (-15)/(-10)*4/(-3). Let w(v) = -346*v - 2 - 1 - 3 + 353*v + 9. Calculate w(m).
-11
Let x(r) be the second derivative of -5*r**3/6 - 57*r**2/2 - 508*r - 2. What is x(-12)?
3
Suppose 3*f - 45*f = -8*f. Let h(i) be the first derivative of -i**5/120 + i**3/3 + 3. Let p(w) be the third derivative of h(w). Determine p(f).
0
Let o(b) = b**3 - 50*b**2 - 218*b - 1. Let k be o(-4). Let p(l) = -l**2 + 6*l + 4. Calculate p(k).
-3
Let l(h) = -h**2 - 6*h + 22. Let a(r) = 9*r**2 + 57*r - 200. Let q(v) = -2*a(v) - 19*l(v). Give q(6).
18
Let q = -6604 - -6603. Let v(h) = 5*h - 6. Determine v(q).
-11
Suppose -11*a + 8 = -16*a + f, f = a. Let j(x) = 2*x